38, -5*y + 62 = h - 6. Suppose 15*v - y*v = 34. Calculate the highest common factor of 187 and v.
17
Let t(f) = f**2 - 5*f. Suppose -p = -2*h - 14, -4*h = -0*h + 4*p + 4. Let y be t(h). What is the greatest common factor of 10 and y?
10
Let g be (14/(-6) - -2) + (-737)/(-33). What is the greatest common divisor of g and 44?
22
Let q(v) = 10*v - 2. Let s be (-5)/(-1) + 2 + -2. Let l = -3 + s. Let w be q(l). What is the highest common factor of w and 198?
18
Suppose -2*a + 455 = 3*a. Calculate the highest common factor of a and 14.
7
Let z(x) = 2*x**3 + 3*x**2 - x + 2. Let d be z(-3). Let t = d - -32. What is the highest common divisor of t and 10?
10
Suppose -4*u - 3*c + 123 + 170 = 0, 2*u = c + 159. Calculate the highest common factor of u and 11.
11
Let r = 23 + -12. Let f(o) = -8*o + 7. Let x(a) = 6*a. Let p be x(-1). Let k be f(p). Calculate the highest common divisor of k and r.
11
Let g be (4/(-10))/((-3)/60). Let r = g - 2. What is the highest common factor of 6 and r?
6
Suppose -18 = -4*l + 2. Suppose l*z - 5*r = 2*z - 17, -2*r = -4*z - 32. Let t = 12 + z. Calculate the greatest common divisor of 3 and t.
3
Suppose -50 = -5*q + 5*p, q + 4*p - 4 = 16. Suppose -20 = -3*x - 2. Suppose a - 6 = -5*h + 8, 3*h = -x. What is the highest common divisor of a and q?
12
Let l(i) = 3*i**2 + 3*i + 3. Let b = -20 + 17. Let d be l(b). Let f be (-2 + 5)*(-7)/(-3). Calculate the greatest common divisor of f and d.
7
Suppose 17 = 2*r + 5*z, 2*r + r + 4*z = 29. Suppose 0 = -r*g + 10*g + 105. What is the highest common divisor of g and 15?
15
Let c = -137 + 277. Let q be ((0/1)/(-3))/(-2). Suppose 42 = -q*d + 3*d. What is the highest common factor of d and c?
14
Suppose 26 = 118*t - 117*t. Calculate the highest common factor of t and 91.
13
Let q be (0 + -1)*(3 + -4). Let a = 17 - q. Suppose 5*i = 5 + 5. Calculate the highest common divisor of a and i.
2
Let k(v) = -2*v**2 + 7*v**2 - 10 + 2*v - 9*v. Let w be k(-4). What is the highest common divisor of w and 14?
14
Let x = 29 + -42. Let f(r) = r**3 + 13*r**2 - 3*r - 7. Let s be f(x). Calculate the greatest common divisor of 16 and s.
16
Let k(i) = i**3 + 6*i**2 + 4. Let p(m) = m + 18. Let h be p(0). Let t be (-1)/(-2 - (-39)/h). Let j be k(t). What is the greatest common divisor of 36 and j?
4
Suppose f - 4*u - 54 = 0, 0*u = 4*f - u - 261. What is the greatest common factor of f and 33?
33
Let l(u) = 2*u - 5. Let r(x) = 2*x - 9. Let d be r(11). Let p be l(d). Calculate the greatest common divisor of p and 21.
21
Let q(c) = c**2 + 3*c + 35. Let y be q(-24). Calculate the highest common divisor of y and 49.
49
Let u be (2 + -2)/1 + 15. Let t = -8 + 13. Calculate the greatest common factor of u and t.
5
Let x(r) = -r**3 - 4*r**2 + 4. Let i be x(-4). Suppose i*v - 2*v = 272. What is the highest common factor of 17 and v?
17
Let c be ((-16)/(-10))/(10/25). Suppose -4*q = -j - 251, -c*q - q + 2*j + 313 = 0. What is the greatest common divisor of 7 and q?
7
Suppose -w = 3*a - 2*a - 15, 2*a - 2*w = 14. Suppose 0 = 39*h - 36*h - 33. What is the highest common factor of h and a?
11
Suppose 3*o + 2*x + 14 = -2*x, o = -3*x - 13. Suppose o*n - 20 = n. Suppose -3*d + 15 = -2*i - 28, n = 2*d + 3*i. What is the highest common factor of 13 and d?
13
Let b be (-3)/2*66/(-9). Let x be 10/(-80) - (-177)/8. Calculate the greatest common factor of x and b.
11
Let u = 26 + -9. Suppose -4*l + 5 + 47 = 0. Suppose l*m = 9*m + 136. Calculate the greatest common divisor of m and u.
17
Suppose -r + v + v + 199 = 0, -3*v + 741 = 4*r. What is the highest common divisor of r and 21?
21
Let q(j) = j**3 + 3*j**2 + j. Let k be q(-2). Calculate the highest common factor of 10 and k.
2
Suppose -3*y + 4*i + 11 = 0, -2*i = -0*i - 2. Suppose 2*x + 2*c = 24, -24 = -y*x + 3*c + 52. Calculate the greatest common divisor of x and 7.
7
Suppose 0 = 5*o - 8 - 2. Let h be (2 + -2)/(-2)*1. Suppose h = 4*j - 7*j + 66. Calculate the greatest common factor of o and j.
2
Suppose 7*p = 3*p + 2*c + 52, -3*p + 49 = c. Suppose 2*t + p = -t. Let k = t + 10. Calculate the highest common divisor of 40 and k.
5
Let k = 11 + -11. Suppose k*w = q - 3*w - 33, -3*q + 49 = w. Calculate the greatest common divisor of 9 and q.
9
Let l = 15 - 9. Suppose l = 3*c - 4*g + 22, -4*c - g = -4. Suppose c = -5*t - 2*f + 228, -4*t + 56 = -3*t + 3*f. Calculate the highest common factor of 4 and t.
4
Suppose -330 = 5*d + 2*b - 45, 2*b = 4*d + 228. Let n = 40 + d. Let j = 143 - n. What is the greatest common divisor of j and 16?
16
Let l = -10 + 7. Let w(c) = 3*c**2 + c - 4. Let k be w(l). Suppose -8 = 4*x - 6*x. Calculate the greatest common divisor of k and x.
4
Suppose -4*b + 3*b + 3*k + 6 = 0, -3*b + k + 10 = 0. Suppose -3*z = -b*j, -3*j - 2 = -4*z - 0*j. What is the greatest common factor of 1 and z?
1
Let s(o) = o + 42. Let v be s(6). What is the greatest common factor of v and 32?
16
Suppose -2196 + 414 = -9*r. Suppose 4*y + 5*t = 92, -y = 5*t + 17 - 55. What is the greatest common divisor of r and y?
18
Let s = 129 + -87. Calculate the highest common factor of s and 6.
6
Let l = 311 + -14. What is the highest common divisor of l and 33?
33
Suppose 5*a = 2*u - 6*u + 162, -5*a + 3*u + 176 = 0. Suppose -50 = -4*p + a. What is the greatest common factor of 84 and p?
21
Let v = 479 + -334. What is the greatest common factor of 58 and v?
29
Let d = -3 - -5. Let t = 4 - d. Suppose t*c - 6*c = -24. Calculate the greatest common factor of c and 54.
6
Let t = -131 - -251. Let w(a) be the third derivative of a**5/12 - a**4/12 - a**3/6 - 5*a**2. Let k be w(2). What is the highest common divisor of t and k?
15
Let m be (-2)/(24/(-9) + 2). Let y = -89 + 64. Let i = y + 58. What is the highest common divisor of i and m?
3
Suppose 3*q - 6 - 3 = 0. Suppose 0 = -q*i - 9 + 30. Suppose -i = -c + 1. Calculate the highest common divisor of c and 24.
8
Suppose 3*a - 4*a = 0. Suppose 2*w = -4, -7 = -a*c - 3*c - w. Suppose -g = 1 - c. What is the greatest common divisor of 6 and g?
2
Suppose 4*o - 15 = -o. Suppose -o*m + 39 = 3*q, 3*q = 4 + 2. What is the greatest common factor of m and 121?
11
Let v(z) = -z**3 - 8*z**2 - 2*z - 11. Suppose -s + 1 = -0*s. Suppose -4*a - 33 + s = 0. Let o be v(a). Calculate the highest common factor of o and 35.
5
Let n be ((-3)/(-6))/(3/102). What is the greatest common divisor of n and 136?
17
Suppose 2*m = -c + 6*m + 86, 2*m + 358 = 5*c. Let w be (-10 - -7)*(-100)/(-6). Let v be (-1)/(-5) - 690/w. What is the greatest common divisor of c and v?
14
Let o(z) = -z**2 + 8*z + 10. Let t be o(8). What is the greatest common factor of 15 and t?
5
Let g be (2/(-6))/(1/(-105)). Suppose -5*i + 21 = -2*i. Calculate the greatest common divisor of g and i.
7
Let k(m) = m**3 - m**2 + 2*m + 6. Let j be k(5). What is the highest common divisor of 29 and j?
29
Suppose m + 1008 = 19*m. Let w be 4/(-3)*(-21)/2. Calculate the greatest common divisor of w and m.
14
Let t be 8/(-3)*(-3)/2. Let o = -5 + t. Let a be o*2*-1*4. What is the greatest common divisor of a and 80?
8
Suppose -z - 33 + 48 = 0. What is the highest common factor of z and 60?
15
Let x be ((-21)/(-3))/((-2)/(-4)). Suppose 4*m + 2 = 6. Let z be 1 - (-152 - (2 - m)). What is the greatest common factor of x and z?
14
Let d(h) = 7*h**3 + 2*h - 1. Let r be d(1). Let p be (-32)/(-1)*85/34. Calculate the greatest common divisor of p and r.
8
Let o be (-1 + -21)/((-10)/(-25)). Let i be (-4)/22 + (-1330)/o. Let q = 8 - -8. What is the greatest common divisor of q and i?
8
Let g = 19 - 27. Let k be -16*(-2 - 1*-3). Let d = g - k. What is the greatest common divisor of 1 and d?
1
Suppose 14 = -x - 2*p, x - 2*x - 3*p - 17 = 0. Let v be (-2 - 15/(-9))*9. Let t be 9/v - 6*x. Calculate the greatest common factor of 9 and t.
9
Let b(v) = v**2 - 8*v + 7. Let l be b(6). Let k be 13/(-2)*(l - -3). Let t(w) = 9*w + 3. Let m be t(4). What is the highest common factor of m and k?
13
Let r(a) = a**3 - 13*a**2 + 14*a - 8. Let c be r(12). Calculate the greatest common factor of c and 176.
16
Let h = 75 + 157. Let k = h - 78. Calculate the greatest common factor of k and 14.
14
Let h(b) = 2*b**3 + 13*b**2 + 3*b - 3. Let w be h(-5). Calculate the greatest common divisor of 19 and w.
19
Suppose a + a = -4*c + 92, -4*c - 3*a + 94 = 0. Calculate 